lse
Does 1506 divide 54297324?
True
Is 4604284 a multiple of 5?
False
Is 1160689865 a multiple of 2?
False
Is 281 a factor of 12288560?
False
Is 91 a factor of 1908953137?
True
Is 719530989 a multiple of 4686?
False
Is 65959846 a multiple of 5?
False
Does 9642 divide 3412721667?
False
Is 125 a factor of 38074750?
True
Is 3619530 a multiple of 45?
True
Is 396 a factor of 59141834?
False
Does 507 divide 63123517?
False
Is 100952059 a multiple of 61?
False
Is 32803140 a multiple of 1065?
False
Is 24 a factor of 702056646?
False
Does 1934 divide 91217110?
True
Is 7200596 a multiple of 118?
True
Is 181 a factor of 17717574?
False
Is 110109588 a multiple of 100?
False
Is 31865086 a multiple of 129?
False
Is 216708297 a multiple of 19?
False
Is 147146234 a multiple of 443?
False
Does 330 divide 6233700?
True
Does 80 divide 55619812?
False
Is 2473185 a multiple of 36?
False
Does 178 divide 1212331970?
False
Is 15940771 a multiple of 12?
False
Is 2212 a factor of 99201564?
True
Does 437 divide 1286120279?
True
Does 278 divide 1020753861?
False
Is 2 a factor of 76189695?
False
Is 28264720 a multiple of 9?
False
Is 753736855 a multiple of 5764?
False
Is 375 a factor of 677232809?
False
Is 65679453 a multiple of 549?
False
Is 14 a factor of 27838927?
False
Does 617 divide 75006659?
False
Does 163 divide 18178575?
True
Does 11 divide 21615389?
False
Does 22 divide 1011898031?
False
Does 79 divide 66977520?
False
Does 3 divide 26492990?
False
Does 189 divide 10596489?
False
Is 286828773 a multiple of 764?
False
Does 45 divide 31481595?
True
Is 3324928688 a multiple of 824?
False
Is 2 a factor of 472933012?
True
Is 126417189 a multiple of 851?
False
Is 1332647691 a multiple of 73?
False
Does 1349 divide 441918910?
True
Is 271131200 a multiple of 200?
True
Is 2666 a factor of 2654842790?
True
Is 140952240 a multiple of 132?
True
Is 29 a factor of 59476941?
True
Is 2138260646 a multiple of 2476?
False
Does 2886 divide 103887342?
True
Is 25 a factor of 859155125?
True
Is 593 a factor of 16139681?
True
Is 171469800 a multiple of 40?
True
Is 32 a factor of 67824717?
False
Is 2077 a factor of 17037631?
True
Does 153 divide 10867175?
False
Is 114122761 a multiple of 17?
False
Is 1436160 a multiple of 240?
True
Is 14 a factor of 8666560?
True
Is 2229 a factor of 33597994?
False
Does 8 divide 1022689728?
True
Is 52770857 a multiple of 153?
False
Does 1085 divide 1202065745?
False
Is 550342104 a multiple of 341?
False
Is 4483296384 a multiple of 24?
True
Is 448520304 a multiple of 6?
True
Does 16 divide 21203934?
False
Is 1194 a factor of 25694880?
True
Is 26026587 a multiple of 1451?
True
Is 14 a factor of 48509256?
False
Is 22338529 a multiple of 20?
False
Is 38398059 a multiple of 1387?
False
Is 82 a factor of 90951694?
True
Is 6317635 a multiple of 5?
True
Does 168 divide 68144496?
True
Is 7 a factor of 132888672?
True
Is 98 a factor of 84043590?
False
Does 2613 divide 78847275?
True
Is 3529602495 a multiple of 4867?
False
Is 15941220 a multiple of 778?
True
Is 355 a factor of 28073364?
False
Does 140 divide 458938760?
True
Does 1377 divide 503630911?
False
Is 11 a factor of 2844666?
True
Is 545535466 a multiple of 5426?
True
Is 65 a factor of 54446080?
True
Is 173 a factor of 78185620?
True
Does 28 divide 1208627840?
True
Does 23 divide 41317007?
False
Does 104 divide 41868840?
True
Is 39282032 a multiple of 103?
False
Is 1106 a factor of 8811502?
True
Is 9174810 a multiple of 30?
True
Is 470 a factor of 41613330?
True
Is 1251 a factor of 4748386923?
True
Is 6359934 a multiple of 45?
False
Does 1228 divide 1068806992?
True
Does 3381 divide 376683820?
False
Is 10 a factor of 5486582109?
False
Is 107 a factor of 768067207?
False
Does 6334 divide 396482388?
False
Does 12797 divide 511470496?
True
Is 5 a factor of 45825936?
False
Is 7299952 a multiple of 296?
True
Is 13 a factor of 2451293949?
True
Is 184 a factor of 1093005543?
False
Is 905 a factor of 47524265?
True
Is 27306445 a multiple of 554?
False
Is 119374008 a multiple of 471?
True
Is 50 a factor of 18299850?
True
Is 37385788 a multiple of 151?
True
Is 5 a factor of 105463156?
False
Is 11 a factor of 42062449?
True
Is 50 a factor of 2442975461?
False
Is 2699 a factor of 122202623?
True
Is 131777624 a multiple of 4?
True
Is 206068280 a multiple of 954?
False
Does 2 divide 8286127?
False
Is 300 a factor of 21152053?
False
Is 50 a factor of 9481900?
True
Is 3893 a factor of 34075429?
True
Is 129705055 a multiple of 12?
False
Is 246 a factor of 38582828?
False
Is 50 a factor of 28252938?
False
Is 8219209 a multiple of 97?
False
Does 1200 divide 10904400?
True
Is 14943134 a multiple of 164?
False
Does 231 divide 545390538?
True
Is 1045 a factor of 9275875?
False
Is 8985480 a multiple of 12?
True
Does 916 divide 7840960?
True
Is 857 a factor of 482003367?
True
Is 12120650 a multiple of 2?
True
Is 23 a factor of 69477547?
False
Is 83198181 a multiple of 11?
True
Is 28 a factor of 30612582?
False
Is 64 a factor of 15354432?
True
Is 1701 a factor of 177839989?
False
Is 2998342560 a multiple of 1104?
True
Does 6 divide 187532209?
False
Is 150092872 a multiple of 64?
False
Is 61 a factor of 14708838?
False
Is 297 a factor of 4315234770?
True
Is 72 a factor of 200673222?
False
Is 3077 a factor of 1095128916?
True
Does 98 divide 3661868?
True
Does 678 divide 13823892?
False
Does 44 divide 102005024?
True
Does 1338 divide 311998994?
False
Is 1364 a factor of 8653216?
True
Is 10805320 a multiple of 10?
True
Is 117 a factor of 102642813?
True
Does 1107 divide 43665615?
True
Is 19 a factor of 3427249206?
False
Is 1925306900 a multiple of 412?
True
Is 13 a factor of 139087038?
False
Is 6 a factor of 557223108?
True
Is 596 a factor of 5217177?
False
Is 95 a factor of 56872576?
False
Does 12 divide 7819153?
False
Does 88 divide 4245472?
True
Is 3473022 a multiple of 2506?
False
Is 328 a factor of 1255263453?
False
Is 57 a factor of 561156170?
False
Does 12 divide 803632756?
False
Is 39 a factor of 7413354?
True
Does 88 divide 32824616?
True
Does 346 divide 563777459?
False
Is 12 a factor of 1712304286?
False
Is 415 a factor of 3331179792?
False
Is 34 a factor of 7050263?
False
Is 86 a factor of 506941878?
True
Is 1640 a factor of 150204320?
True
Does 55 divide 35838660?
True
Is 596986450 a multiple of 3624?
False
Is 641526402 a multiple of 52?
False
Does 1182 divide 213882900?
True
Does 3 divide 45188111?
False
Does 27 divide 44482554?
True
Does 7833 divide 1797824089?
False
Is 18266220 a multiple of 490?
True
Does 14 divide 56875888?
False
Does 23 divide 333482136?
False
Does 403 divide 432460476?
False
Does 74 divide 2267111995?
False
Is 20194547 a multiple of 228?
False
Does 477 divide 42275455?
False
Does 938 divide 17336116?
True
Does 11 divide 20328847?
True
Does 8 divide 30043128?
True
Does 16 divide 1519474512?
True
Is 224772528 a multiple of 977?
True
Is 277716124 a multiple of 2991?
False
Is 63619728 a multiple of 3730?
False
Is 7 a factor of 108871606?
False
Is 636290929 a multiple of 23?
True
Is 25805019 a multiple of 1047?
False
Does 70 divide 47549530?
True
Is 301764712 a multiple of 86?
True
Is 79090206 a multiple of 13?
True
Is 130 a factor of 41855945?
False
Does 858 divide 32391216?
True
Does 16 divide 2764766080?
True
Is 1569966876 a multiple of 2481?
True
Is 19 a factor of 1273796556?
True
Is 802 a factor of 30443?
False
Is 2 a factor of 1021511?
False
Does 93 divide 48181766?
False
Is 8 a factor of 520661816?
True
Is 3574 a factor of 1440511422?
True
Is 473 a factor of 2945593310?
True
Is 218 a factor of 2922944?
True
Does 1869 divide 465865943?
False
Is 13405489 a multiple of 13?
False
Does 181 divide 15691252?
True
Is 337059382 a multiple of 71?
False
Is 60972597 a multiple of 3?
True
Is 1408 a factor of 390521?
False
Is 61004510 a multiple of 14?
True
Is 2179089 a multiple of 2783?
True
Is 6 a factor of 169905924?
True
Does 61 divide 60545704?
False
Is 41325375 a multiple of 325?
True
Is 573032277 a multiple of 2364?
False
Does 267 divide 3130041?
True
Is 744 a factor of 61402320?
True
Does 7677 divide 51036696?
True
Is 26525880 a multiple of 9?
True
Is 80448932 a multiple of 10?
False
Is 12824467 a multiple of 739?
False
Is 2950786301 a multiple of 14?
False
Is 3596 a factor of 106089192?
True
Is 3